he greatest common factor of 8768975 and 2325?
25
What is the greatest common divisor of 584835 and 3991?
307
What is the greatest common factor of 51 and 1017586561?
17
What is the highest common factor of 1559857 and 4264?
13
What is the greatest common factor of 1740 and 553555480?
580
What is the greatest common factor of 75371460 and 30?
30
What is the greatest common factor of 88421914 and 212?
106
Calculate the greatest common divisor of 218683 and 19041.
577
What is the greatest common divisor of 3541732 and 3948?
188
Calculate the highest common divisor of 2809850 and 180.
10
What is the highest common factor of 72450 and 94950?
450
Calculate the highest common divisor of 2764800 and 37200.
1200
Calculate the highest common factor of 472 and 1822156.
236
Calculate the greatest common factor of 340615 and 119185.
605
Calculate the highest common factor of 385 and 64203040.
55
What is the highest common factor of 797 and 2716?
1
What is the highest common divisor of 48954 and 1288302?
246
Calculate the greatest common divisor of 2769 and 2095849.
71
Calculate the greatest common divisor of 814076 and 27520.
172
What is the highest common divisor of 7620772 and 73744?
1676
Calculate the greatest common factor of 19696455 and 3060.
765
What is the greatest common divisor of 220803 and 9141?
33
Calculate the greatest common factor of 354579471 and 9612.
2403
Calculate the greatest common divisor of 664 and 19007.
83
What is the highest common divisor of 26675 and 144100?
275
What is the greatest common factor of 16994700 and 1100961?
7389
What is the highest common divisor of 23 and 211377889?
23
Calculate the greatest common factor of 221919 and 87.
3
Calculate the highest common factor of 2114 and 268898.
14
What is the greatest common factor of 6744 and 81192?
24
Calculate the highest common factor of 199766106 and 876.
438
What is the highest common divisor of 924 and 67341120?
924
What is the highest common divisor of 234411 and 231?
3
What is the highest common divisor of 166471228 and 68?
4
What is the highest common factor of 7704 and 23528979?
963
What is the greatest common factor of 73842 and 3898143?
1191
What is the greatest common divisor of 1796 and 385324616?
1796
What is the greatest common divisor of 1736961 and 124?
31
Calculate the greatest common divisor of 426114 and 139266.
54
Calculate the highest common factor of 363115 and 445.
5
Calculate the highest common divisor of 5868 and 1580122.
326
Calculate the highest common factor of 780 and 886605.
15
What is the greatest common factor of 39165 and 246435?
105
Calculate the highest common divisor of 1188 and 10710513.
99
What is the highest common factor of 200979 and 608280?
411
Calculate the greatest common factor of 794 and 24889915.
397
Calculate the greatest common factor of 19849630 and 4495.
145
What is the highest common divisor of 194389 and 6071?
13
What is the greatest common divisor of 9315 and 337410?
1035
What is the highest common factor of 827 and 863?
1
What is the greatest common divisor of 23 and 325830696?
23
Calculate the highest common factor of 140821 and 212689.
53
Calculate the greatest common factor of 3139798 and 34.
34
Calculate the greatest common divisor of 308165 and 116370.
2155
Calculate the highest common factor of 41727815 and 1347.
449
Calculate the greatest common divisor of 12145783 and 19.
1
Calculate the greatest common divisor of 16 and 38700.
4
What is the highest common divisor of 135153 and 171?
9
What is the highest common factor of 491115436 and 49?
49
What is the greatest common factor of 224 and 58523444?
28
Calculate the greatest common divisor of 594932 and 53482.
442
What is the highest common divisor of 11670946 and 10?
2
Calculate the highest common divisor of 28768 and 10851829.
899
What is the greatest common factor of 7795131 and 65031?
1227
What is the highest common factor of 1060066 and 232?
58
Calculate the highest common factor of 8313690 and 8890.
70
Calculate the highest common factor of 198 and 446646.
6
Calculate the highest common divisor of 35 and 18607085.
35
Calculate the highest common divisor of 6790 and 499513140.
6790
Calculate the highest common factor of 550549662 and 1482.
1482
Calculate the greatest common factor of 5059457 and 26.
13
Calculate the greatest common divisor of 3591273 and 34104.
609
Calculate the greatest common divisor of 1056472 and 256.
8
What is the highest common factor of 36 and 2281690260?
36
What is the greatest common factor of 12369800 and 601445?
2435
Calculate the greatest common factor of 6066457 and 161.
23
Calculate the greatest common divisor of 53247818 and 78.
26
What is the highest common divisor of 147515 and 30770?
905
What is the highest common factor of 1317069 and 6201?
117
What is the greatest common divisor of 7468230 and 3294?
366
Calculate the highest common factor of 34161 and 14809.
59
What is the greatest common factor of 128736 and 2840?
8
What is the highest common divisor of 1462760 and 780?
260
What is the highest common factor of 10413087 and 354?
177
Calculate the highest common divisor of 152204801 and 266.
133
Calculate the highest common divisor of 38364080 and 326890.
3370
What is the greatest common divisor of 14824 and 1115319?
17
What is the greatest common factor of 4052 and 86150585?
1013
Calculate the highest common factor of 37323477 and 18.
9
Calculate the highest common divisor of 186202581 and 2278.
1139
Calculate the greatest common divisor of 16 and 37362672.
16
Calculate the greatest common factor of 9838579 and 569.
569
Calculate the highest common factor of 345 and 106607415.
345
Calculate the highest common divisor of 166 and 5148896368.
166
Calculate the highest common factor of 15997770 and 3860.
1930
What is the greatest common divisor of 23095013 and 943?
943
What is the highest common factor of 16 and 107714496?
16
Calculate the highest common factor of 15211 and 70468217.
2173
What is the greatest common factor of 8855102 and 1187234?
7562
Calculate the highest common divisor of 15 and 5977145.
5
Calculate the greatest common factor of 2915 and 2484273.
11
Calculate the highest common factor of 8255 and 62030.
5
What is the highest common factor of 1580585 and 1489485?
4555
Calculate the highest common divisor of 542669540 and 56.
28
Calculate the greatest common factor of 478515830 and 170.
170
What is the highest common factor of 3900801 and 34935?
411
What is the greatest common factor of 33685342 and 118?
118
What is the greatest common divisor of 324822 and 339270?
258
What is the greatest common divisor of 1408 and 177094?
2
What is the greatest common divisor of 651 and 2311515?
93
What is the greatest common divisor of 948957645 and 10?
5
What is the greatest common divisor of 77516109 and 891?
891
What is the greatest common factor of 462961 and 301597?
1921
Calculate the greatest common factor of 108 and 718011.
27
What is the greatest common factor of 205793 and 259?
7
Calculate the highest common factor of 4608 and 90382896.
144
What is the highest common divisor of 8716220 and 601340?
2140
What is the greatest common factor of 1468600 and 37800?
1400
What is the greatest common divisor of 447392353 and 109?
109
Calculate the highest common factor of 156 and 19274476.
52
What is the greatest common factor of 2146902602 and 1399?
1399
Calculate the greatest common factor of 1769 and 5151.
1
Calculate the highest common factor of 1146 and 1760638.
382
Calculate the greatest common factor of 37769568 and 342.
114
What is the greatest common divisor of 928 and 75680?
32
What is the highest common factor of 1328 and 1012384?
16
What is the greatest common divisor of 67858 and 4314940?
518
Calculate the highest common factor of 32 and 78322528.
32
Calculate the greatest common factor of 2706 and 76559505.
1353
What is the highest common factor of 725 and 1704823?
29
Calculate the highest common factor of 12870 and 180330150.
4290
Calculate the highest common factor of 5092 and 551228.
76
Calculate the highest common divisor of 10 and 12054985.
5
What is the greatest common divisor of 135699516 and 216?
108
What is the greatest common divisor of 15068970 and 1608?
402
Calculate the greatest common factor o